{"id":2596,"date":"2023-11-12T11:33:57","date_gmt":"2023-11-12T16:33:57","guid":{"rendered":"https:\/\/delafuentebrand.com\/?page_id=2596"},"modified":"2025-04-25T11:13:37","modified_gmt":"2025-04-25T16:13:37","slug":"politicas-de-envios","status":"publish","type":"page","link":"https:\/\/delafuentebrand.com\/?page_id=2596","title":{"rendered":"Pol\u00edticas de Env\u00edos"},"content":{"rendered":"\t\t<div data-elementor-type=\"wp-page\" data-elementor-id=\"2596\" class=\"elementor elementor-2596\" data-elementor-post-type=\"page\">\n\t\t\t\t\t\t<section class=\"elementor-section elementor-top-section elementor-element elementor-element-4c3996d elementor-section-boxed elementor-section-height-default elementor-section-height-default\" data-id=\"4c3996d\" data-element_type=\"section\" data-settings=\"{&quot;background_background&quot;:&quot;classic&quot;}\">\n\t\t\t\t\t\t<div class=\"elementor-container elementor-column-gap-default\">\n\t\t\t\t\t<div class=\"elementor-column elementor-col-100 elementor-top-column elementor-element elementor-element-353fea4\" data-id=\"353fea4\" data-element_type=\"column\">\n\t\t\t<div class=\"elementor-widget-wrap elementor-element-populated\">\n\t\t\t\t\t\t<div class=\"elementor-element elementor-element-ba975e4 elementor-widget elementor-widget-heading\" data-id=\"ba975e4\" data-element_type=\"widget\" data-widget_type=\"heading.default\">\n\t\t\t\t<div class=\"elementor-widget-container\">\n\t\t\t\t\t<h2 class=\"elementor-heading-title elementor-size-default\">Pol\u00edticas de env\u00edos<\/h2>\t\t\t\t<\/div>\n\t\t\t\t<\/div>\n\t\t\t\t<div class=\"elementor-element elementor-element-aa4d5b0 elementor-widget elementor-widget-text-editor\" data-id=\"aa4d5b0\" data-element_type=\"widget\" data-widget_type=\"text-editor.default\">\n\t\t\t\t<div class=\"elementor-widget-container\">\n\t\t\t\t\t\t\t\t\t<p>En DE LA FUENTE llegamos a toda Colombia para que disfrutes de nuestros productos. Desde Bogot\u00e1, preparamos, empacamos y gestionamos cuidadosamente cada env\u00edo a trav\u00e9s de un m\u00e9todo seguro y con seguimiento. En ciudades principales, el plazo de entrega es de<strong>\u00a0<u>2 a 5 d\u00edas h\u00e1biles<\/u>.<\/strong> Para ciudades secundarias, el tiempo de entrega es de<strong><u>\u00a02 a 8 d\u00edas h\u00e1biles<\/u>.<\/strong><\/p><p>\u00bfEnv\u00edo\u00a0<em>express<\/em>? S\u00cd.<\/p><p>En Bogot\u00e1 DC tenemos servicio de env\u00edo express de lunes a viernes. Todos los pedidos que se realicen antes del mediod\u00eda, llegar\u00e1n en un lapso de 24 horas.<\/p><p>Ten en cuenta que, en periodos festivos como navidad, los tiempos de procesamiento y env\u00edo pueden aumentar debido al gran volumen de pedidos. DE LA FUENTE s\u00f3lo realiza env\u00edos los d\u00edas h\u00e1biles: de lunes a viernes\u00a0<em>(excepto festivos).<\/em>\u00a0Los pedidos realizados durante el fin de semana -desde el viernes 3:00pm hasta el domingo- se procesar\u00e1n al siguiente d\u00eda h\u00e1bil.<\/p><p>Una vez que el paquete ha salido de nuestro punto, la empresa transportadora se hace responsable del mismo. No somos responsables de los paquetes perdidos o robados durante el tr\u00e1nsito o al llegar. Te recomendamos que presentes una reclamaci\u00f3n a trav\u00e9s del sitio web del servicio de mensajer\u00eda. Si no pueden ofrecerte una soluci\u00f3n, comun\u00edcate con <strong>delafuentebrand@gmail.com<\/strong> una vez presentado el reclamo y nuestro equipo te ayudar\u00e1.<\/p><p>Para m\u00e1s informaci\u00f3n comun\u00edcate con nosotros v\u00eda WhatsApp (+57 3005366307).<\/p><p>Estamos aqu\u00ed para ayudarte.\u00a0<\/p>\t\t\t\t\t\t\t\t<\/div>\n\t\t\t\t<\/div>\n\t\t\t\t\t<\/div>\n\t\t<\/div>\n\t\t\t\t\t<\/div>\n\t\t<\/section>\n\t\t\t\t<\/div>\n\t\t","protected":false},"excerpt":{"rendered":"<p>Pol\u00edticas de env\u00edos En DE LA FUENTE llegamos a toda Colombia para que disfrutes de nuestros productos. Desde Bogot\u00e1, preparamos, empacamos y gestionamos cuidadosamente cada env\u00edo a trav\u00e9s de un m\u00e9todo seguro y con seguimiento. En ciudades principales, el plazo de entrega es de\u00a02 a 5 d\u00edas h\u00e1biles. Para ciudades secundarias, el tiempo de entrega [&hellip;]<\/p>\n","protected":false},"author":1,"featured_media":0,"parent":0,"menu_order":0,"comment_status":"closed","ping_status":"closed","template":"","meta":{"_acf_changed":false,"site-sidebar-layout":"no-sidebar","site-content-layout":"page-builder","ast-site-content-layout":"full-width-container","site-content-style":"default","site-sidebar-style":"default","ast-global-header-display":"","ast-banner-title-visibility":"","ast-main-header-display":"","ast-hfb-above-header-display":"","ast-hfb-below-header-display":"","ast-hfb-mobile-header-display":"","site-post-title":"disabled","ast-breadcrumbs-content":"","ast-featured-img":"disabled","footer-sml-layout":"","theme-transparent-header-meta":"","adv-header-id-meta":"","stick-header-meta":"","header-above-stick-meta":"","header-main-stick-meta":"","header-below-stick-meta":"","astra-migrate-meta-layouts":"set","ast-page-background-enabled":"default","ast-page-background-meta":{"desktop":{"background-color":"var(--ast-global-color-4)","background-image":"","background-repeat":"repeat","background-position":"center center","background-size":"auto","background-attachment":"scroll","background-type":"","background-media":"","overlay-type":"","overlay-color":"","overlay-opacity":"","overlay-gradient":""},"tablet":{"background-color":"","background-image":"","background-repeat":"repeat","background-position":"center center","background-size":"auto","background-attachment":"scroll","background-type":"","background-media":"","overlay-type":"","overlay-color":"","overlay-opacity":"","overlay-gradient":""},"mobile":{"background-color":"","background-image":"","background-repeat":"repeat","background-position":"center center","background-size":"auto","background-attachment":"scroll","background-type":"","background-media":"","overlay-type":"","overlay-color":"","overlay-opacity":"","overlay-gradient":""}},"ast-content-background-meta":{"desktop":{"background-color":"var(--ast-global-color-5)","background-image":"","background-repeat":"repeat","background-position":"center center","background-size":"auto","background-attachment":"scroll","background-type":"","background-media":"","overlay-type":"","overlay-color":"","overlay-opacity":"","overlay-gradient":""},"tablet":{"background-color":"var(--ast-global-color-5)","background-image":"","background-repeat":"repeat","background-position":"center center","background-size":"auto","background-attachment":"scroll","background-type":"","background-media":"","overlay-type":"","overlay-color":"","overlay-opacity":"","overlay-gradient":""},"mobile":{"background-color":"var(--ast-global-color-5)","background-image":"","background-repeat":"repeat","background-position":"center center","background-size":"auto","background-attachment":"scroll","background-type":"","background-media":"","overlay-type":"","overlay-color":"","overlay-opacity":"","overlay-gradient":""}},"_joinchat":[],"footnotes":""},"class_list":["post-2596","page","type-page","status-publish","hentry"],"acf":[],"jetpack_sharing_enabled":true,"_links":{"self":[{"href":"https:\/\/delafuentebrand.com\/index.php?rest_route=\/wp\/v2\/pages\/2596","targetHints":{"allow":["GET"]}}],"collection":[{"href":"https:\/\/delafuentebrand.com\/index.php?rest_route=\/wp\/v2\/pages"}],"about":[{"href":"https:\/\/delafuentebrand.com\/index.php?rest_route=\/wp\/v2\/types\/page"}],"author":[{"embeddable":true,"href":"https:\/\/delafuentebrand.com\/index.php?rest_route=\/wp\/v2\/users\/1"}],"replies":[{"embeddable":true,"href":"https:\/\/delafuentebrand.com\/index.php?rest_route=%2Fwp%2Fv2%2Fcomments&post=2596"}],"version-history":[{"count":16,"href":"https:\/\/delafuentebrand.com\/index.php?rest_route=\/wp\/v2\/pages\/2596\/revisions"}],"predecessor-version":[{"id":5019,"href":"https:\/\/delafuentebrand.com\/index.php?rest_route=\/wp\/v2\/pages\/2596\/revisions\/5019"}],"wp:attachment":[{"href":"https:\/\/delafuentebrand.com\/index.php?rest_route=%2Fwp%2Fv2%2Fmedia&parent=2596"}],"curies":[{"name":"wp","href":"https:\/\/api.w.org\/{rel}","templated":true}]}}